{"id":103,"date":"2016-01-11T16:59:43","date_gmt":"2016-01-11T16:59:43","guid":{"rendered":"http:\/\/asr-rayonnages-sud.fr\/site\/?page_id=103"},"modified":"2018-10-20T14:14:26","modified_gmt":"2018-10-20T14:14:26","slug":"demontage-remontage-et-remise-en-etat","status":"publish","type":"page","link":"https:\/\/asr-rayonnages-sud.fr\/site\/demontage-remontage-et-remise-en-etat\/","title":{"rendered":"D\u00e9montage Remontage et remise en \u00e9tat"},"content":{"rendered":"<div class=\"RSDB_2COL_LEFT\">\nVous \u00eates \u00e0 la recherche d&rsquo;un <b>sp\u00e9cialiste pour le d\u00e9montage et le remontage de vos installations tels que palettiers plateforme ou pour une remise en \u00e9tat<\/b> ? <b>ASR Rayonnages Sud<\/b> est \u00e0 votre disposition, sp\u00e9cialiste du secteur, et met tout son savoir faire et son exp\u00e9rience \u00e0 votre service.<\/p>\n<p>Nos sp\u00e9cialistes et experts en s\u00e9curit\u00e9 et d\u00e9montage-remontage restent \u00e0 votre disposition pour toute \u00e9tude.<\/p>\n\n\t\t<!-- MasterSlider -->\n\t\t<div id=\"P_MS69e04b4950067\" class=\"master-slider-parent msl ms-parent-id-6\" style=\"max-width:624px;\">\n\n\t\t\t\n\t\t\t<!-- MasterSlider Main -->\n\t\t\t<div id=\"MS69e04b4950067\" class=\"master-slider ms-skin-light-3\" >\n\t\t\t\t \t\t\t\t \n\t\t\t\t<div  class=\"ms-slide\" data-delay=\"3\" data-fill-mode=\"fill\"  >\n\t\t\t\t\t<img src=\"https:\/\/asr-rayonnages-sud.fr\/site\/wp-content\/plugins\/master-slider\/public\/assets\/css\/blank.gif\" alt=\"\" title=\"\" data-src=\"https:\/\/asr-rayonnages-sud.fr\/site\/wp-content\/uploads\/2016\/01\/asr-slide-top-demontage-remontage-remise-en-etat-01.jpg\" \/>\n\n\n\t<div class=\"ms-thumb\" ><div class=\"ms-tab-context\"><div class=&quot;ms-tab-context&quot;><\/div><\/div>\n<\/div>\n\t\t\t\t<\/div>\n\t\t\t\t<div  class=\"ms-slide\" data-delay=\"3\" data-fill-mode=\"fill\"  >\n\t\t\t\t\t<img src=\"https:\/\/asr-rayonnages-sud.fr\/site\/wp-content\/plugins\/master-slider\/public\/assets\/css\/blank.gif\" alt=\"\" title=\"\" data-src=\"https:\/\/asr-rayonnages-sud.fr\/site\/wp-content\/uploads\/2016\/01\/asr-slide-top-demontage-remontage-remise-en-etat-02.jpg\" \/>\n\n\n\t<div class=\"ms-thumb\" ><div class=\"ms-tab-context\"><div class=&quot;ms-tab-context&quot;><\/div><\/div>\n<\/div>\n\t\t\t\t<\/div>\n\n\t\t\t<\/div>\n\t\t\t<!-- END MasterSlider Main -->\n\n\t\t\t \n\t\t<\/div>\n\t\t<!-- END MasterSlider -->\n\n\t\t<script>\n\t\t(function ( $ ) {\n\t\t\t\"use strict\";\n\n\t\t\t$(function () {\n\t\t\t\tvar masterslider_0067 = new MasterSlider();\n\n\t\t\t\t\/\/ slider controls\n\t\t\t\tmasterslider_0067.control('arrows'     ,{ autohide:true, overVideo:true  });\t\t\t\tmasterslider_0067.control('bullets'    ,{ autohide:true, overVideo:true, dir:'h', align:'bottom' , margin:10  });\n\n\t\t\t\t\/\/ slider setup\n\t\t\t\tmasterslider_0067.setup(\"MS69e04b4950067\", {\n\t\t\t\t\t\twidth           : 624,\n\t\t\t\t\t\theight          : 200,\n\t\t\t\t\t\tminHeight       : 0,\n\t\t\t\t\t\tspace           : 0,\n\t\t\t\t\t\tstart           : 1,\n\t\t\t\t\t\tgrabCursor      : true,\n\t\t\t\t\t\tswipe           : true,\n\t\t\t\t\t\tmouse           : true,\n\t\t\t\t\t\tlayout          : \"boxed\",\n\t\t\t\t\t\twheel           : false,\n\t\t\t\t\t\tautoplay        : true,\n\t\t\t\t\t\tinstantStartLayers:false,\n\t\t\t\t\t\tloop            : true,\n\t\t\t\t\t\tshuffle         : false,\n\t\t\t\t\t\tpreload         : 0,\n\t\t\t\t\t\theightLimit     : true,\n\t\t\t\t\t\tautoHeight      : true,\n\t\t\t\t\t\tsmoothHeight    : true,\n\t\t\t\t\t\tendPause        : false,\n\t\t\t\t\t\toverPause       : true,\n\t\t\t\t\t\tfillMode        : \"fill\",\n\t\t\t\t\t\tcenterControls  : true,\n\t\t\t\t\t\tstartOnAppear   : false,\n\t\t\t\t\t\tlayersMode      : \"center\",\n\t\t\t\t\t\thideLayers      : false,\n\t\t\t\t\t\tfullscreenMargin: 0,\n\t\t\t\t\t\tspeed           : 20,\n\t\t\t\t\t\tdir             : \"h\",\n\t\t\t\t\t\tparallaxMode    : 'swipe',\n\t\t\t\t\t\tview            : \"basic\"\n\t\t\t\t});\n\n\t\t\t\t\n\t\t\t\twindow.masterslider_instances = window.masterslider_instances || [];\n\t\t\t\twindow.masterslider_instances.push( masterslider_0067 );\n\t\t\t });\n\n\t\t})(jQuery);\n\t\t<\/script>\n\n\n<h2>D\u00e9montage remontage et remise en \u00e9tat<\/h2>\n<p style=\"margin-bottom: 1rem\">\n<p><b>ASR Rayonnages Sud<\/b> et le <b>Groupe ASR Equipement<\/b>, ce sont \u00e9galement <b>plus de 12 000 m\u00b2 d\u00e9di\u00e9s aux rayonnages industriels neufs ou d&rsquo;occasion<\/b>, le tout en stock.<\/p>\n<p><b>Nous centralisons notre stock dans notre centre principal<\/b>, pr\u00eat \u00e0 \u00eatre exp\u00e9di\u00e9 dans nos <b>4 Agences R\u00e9gionales<\/b> de <b>PACA, IDF, Champagne, Bretagne<\/b> <u>en moins de 24h<\/u>.<\/p>\n<p><b>Afin d&rsquo;obtenir un devis dans les meilleurs d\u00e9lais, merci de bien vouloir remplir le formulaire de devis ci-contre<\/b>, nos experts en s\u00e9curit\u00e9 et .<\/p>\n<p>Si vous le souhaitez, vous pouvez \u00e9galement contacter l&rsquo;un de nos responsables r\u00e9gionaux, qui vous aiguilleront et s&rsquo;occuperont de votre demande, aux horaires de bureau aux coordonn\u00e9es suivantes :<\/p>\n<ul>\n<li><b>ASR Rayonnages Ile-de-France<\/b> &#8211; Num\u00e9ro national : <strong>01 60 09 55 88<\/strong><\/li>\n<p><\/p>\n<li><b>ASR Rayonnages Normandie<\/b> &#8211; Num\u00e9ro national r\u00e9gions : <strong>01 60 44 07 15<\/strong><\/li>\n<li><b>ASR Rayonnages Champagne<\/b> &#8211; Num\u00e9ro national r\u00e9gions : <strong>01 60 44 07 15<\/strong><\/li>\n<li><b>ASR Rayonnages Bretagne<\/b> &#8211; Num\u00e9ro national r\u00e9gions : <strong>01 60 44 07 15<\/strong><\/li>\n<li><b>ASR Rayonnages PACA<\/b> &#8211; Num\u00e9ro national r\u00e9gions : <strong>01 60 44 07 15<\/strong><\/li>\n<\/ul>\n<p>\nN&rsquo;h\u00e9sitez pas \u00e0 nous contacter pour toute question.\n<\/div>\n<div class=\"RSDB_2COL_RIGHT\">\n<img src=\"\/site\/_rs_static\/bouton-asr-rachete-vos-installations.png\" style=\"cursor: pointer\" onclick=\"self.location='https:\/\/asr-rayonnages-sud.fr\/site\/rachat-installations\/'\" alt=\"d\u00e9montage remontage et remise en \u00e9tat\"><\/p>\n<p><img class=\"RSDB_CALLBACK\" style=\"box-shadow: 0px 0px 0px 0px rgba(0, 0, 0, 0.2); max-width: 268px;\" src=\"\/site\/_rs_static\/bouton-asr-rayonnages-sud-callback.png\" onclick=\"document.getElementById('RSDBBOX').style.display = 'block'; document.getElementById('RSCALLBACK').style.display = 'block';\" alt=\"d\u00e9montage remontage et remise en \u00e9tat\" \/><\/p>\n<p>Pour nous contacter ou obtenir un <b>devis gratuit<\/b>, merci de remplir le petit formulaire ci-dessous, nous vous contacterons dans les meilleurs d\u00e9lais<\/p>\n<div role=\"form\" class=\"wpcf7\" id=\"wpcf7-f4-o1\" lang=\"fr-FR\" dir=\"ltr\">\n<div class=\"screen-reader-response\"><p role=\"status\" aria-live=\"polite\" aria-atomic=\"true\"><\/p> <ul><\/ul><\/div>\n<form action=\"\/site\/wp-json\/wp\/v2\/pages\/103#wpcf7-f4-o1\" method=\"post\" class=\"wpcf7-form init\" novalidate=\"novalidate\" data-status=\"init\">\n<div style=\"display: none;\">\n<input type=\"hidden\" name=\"_wpcf7\" value=\"4\" \/>\n<input type=\"hidden\" name=\"_wpcf7_version\" value=\"5.5.5\" \/>\n<input type=\"hidden\" name=\"_wpcf7_locale\" value=\"fr_FR\" \/>\n<input type=\"hidden\" name=\"_wpcf7_unit_tag\" value=\"wpcf7-f4-o1\" \/>\n<input type=\"hidden\" name=\"_wpcf7_container_post\" value=\"0\" \/>\n<input type=\"hidden\" name=\"_wpcf7_posted_data_hash\" value=\"\" \/>\n<\/div>\n<p><span class=\"wpcf7-form-control-wrap your-company\"><input type=\"text\" name=\"your-company\" value=\"\" size=\"40\" class=\"wpcf7-form-control wpcf7-text\" aria-invalid=\"false\" placeholder=\"Votre Soci\u00e9t\u00e9\" \/><\/span><\/p>\n<p><span class=\"wpcf7-form-control-wrap your-name\"><input type=\"text\" name=\"your-name\" value=\"\" size=\"40\" class=\"wpcf7-form-control wpcf7-text wpcf7-validates-as-required\" aria-required=\"true\" aria-invalid=\"false\" placeholder=\"Votre nom (obligatoire)\" \/><\/span><\/p>\n<p><span class=\"wpcf7-form-control-wrap your-email\"><input type=\"email\" name=\"your-email\" value=\"\" size=\"40\" class=\"wpcf7-form-control wpcf7-text wpcf7-email wpcf7-validates-as-email\" aria-invalid=\"false\" placeholder=\"Votre email\" \/><\/span><\/p>\n<p><span class=\"wpcf7-form-control-wrap your-tel\"><input type=\"tel\" name=\"your-tel\" value=\"\" size=\"40\" class=\"wpcf7-form-control wpcf7-text wpcf7-tel wpcf7-validates-as-required wpcf7-validates-as-tel\" aria-required=\"true\" aria-invalid=\"false\" placeholder=\"T\u00e9l. : XX XX XX XX XX (obligatoire)\" \/><\/span><\/p>\n<p><span class=\"wpcf7-form-control-wrap your-cp\"><input type=\"text\" name=\"your-cp\" value=\"\" size=\"40\" class=\"wpcf7-form-control wpcf7-text\" aria-invalid=\"false\" placeholder=\"Code Postal : XX XXX\" \/><\/span><\/p>\n<p><span class=\"wpcf7-form-control-wrap your-subject\"><select name=\"your-subject\" class=\"wpcf7-form-control wpcf7-select\" aria-invalid=\"false\"><option value=\"Contact\">Contact<\/option><option value=\"Devis Rack\/Rayonnage\">Devis Rack\/Rayonnage<\/option><option value=\"Devis Mezzanine\">Devis Mezzanine<\/option><option value=\"Devis autres prestations\">Devis autres prestations<\/option><\/select><\/span><\/p>\n<p><span class=\"wpcf7-form-control-wrap your-objet\"><select name=\"your-objet\" class=\"wpcf7-form-control wpcf7-select\" aria-invalid=\"false\"><option value=\"R\u00e9gion : Sud \/ PACA\">R\u00e9gion : Sud \/ PACA<\/option><option value=\"R\u00e9gion : IDF\">R\u00e9gion : IDF<\/option><option value=\"R\u00e9gion : Nord\">R\u00e9gion : Nord<\/option><option value=\"R\u00e9gion : Est\">R\u00e9gion : Est<\/option><option value=\"R\u00e9gion : Bretagne\">R\u00e9gion : Bretagne<\/option><option value=\"Autres r\u00e9gions\">Autres r\u00e9gions<\/option><\/select><\/span><\/p>\n<p><span class=\"wpcf7-form-control-wrap your-message\"><textarea name=\"your-message\" cols=\"40\" rows=\"10\" class=\"wpcf7-form-control wpcf7-textarea\" aria-invalid=\"false\" placeholder=\"Votre Message \/ Votre Besoin\"><\/textarea><\/span><\/p>\n<p><input type=\"submit\" value=\"Envoyer\" class=\"wpcf7-form-control has-spinner wpcf7-submit\" \/><\/p>\n<p style=\"display: none !important;\"><label>&#916;<textarea name=\"_wpcf7_ak_hp_textarea\" cols=\"45\" rows=\"8\" maxlength=\"100\"><\/textarea><\/label><input type=\"hidden\" id=\"ak_js_1\" name=\"_wpcf7_ak_js\" value=\"19\"\/><script>document.getElementById( \"ak_js_1\" ).setAttribute( \"value\", ( new Date() ).getTime() );<\/script><\/p><div class=\"wpcf7-response-output\" aria-hidden=\"true\"><\/div><\/form><\/div><\/div>\n<div style=\"clear: both\"><\/div>\n","protected":false},"excerpt":{"rendered":"<p>Vous \u00eates \u00e0 la recherche d&rsquo;un sp\u00e9cialiste pour le d\u00e9montage et le remontage de vos installations tels que palettiers plateforme ou pour une remise en \u00e9tat ? ASR Rayonnages Sud est \u00e0 votre disposition, sp\u00e9cialiste du secteur, et met tout son savoir faire et son exp\u00e9rience \u00e0 votre service. Nos sp\u00e9cialistes et experts en s\u00e9curit\u00e9 [&hellip;]<\/p>\n","protected":false},"author":1,"featured_media":0,"parent":0,"menu_order":0,"comment_status":"closed","ping_status":"closed","template":"","meta":[],"_links":{"self":[{"href":"https:\/\/asr-rayonnages-sud.fr\/site\/wp-json\/wp\/v2\/pages\/103"}],"collection":[{"href":"https:\/\/asr-rayonnages-sud.fr\/site\/wp-json\/wp\/v2\/pages"}],"about":[{"href":"https:\/\/asr-rayonnages-sud.fr\/site\/wp-json\/wp\/v2\/types\/page"}],"author":[{"embeddable":true,"href":"https:\/\/asr-rayonnages-sud.fr\/site\/wp-json\/wp\/v2\/users\/1"}],"replies":[{"embeddable":true,"href":"https:\/\/asr-rayonnages-sud.fr\/site\/wp-json\/wp\/v2\/comments?post=103"}],"version-history":[{"count":13,"href":"https:\/\/asr-rayonnages-sud.fr\/site\/wp-json\/wp\/v2\/pages\/103\/revisions"}],"predecessor-version":[{"id":419,"href":"https:\/\/asr-rayonnages-sud.fr\/site\/wp-json\/wp\/v2\/pages\/103\/revisions\/419"}],"wp:attachment":[{"href":"https:\/\/asr-rayonnages-sud.fr\/site\/wp-json\/wp\/v2\/media?parent=103"}],"curies":[{"name":"wp","href":"https:\/\/api.w.org\/{rel}","templated":true}]}}