{"id":16,"date":"2016-01-10T06:07:43","date_gmt":"2016-01-10T06:07:43","guid":{"rendered":"http:\/\/asr-rayonnages-sud.fr\/site\/?page_id=16"},"modified":"2022-09-10T12:56:29","modified_gmt":"2022-09-10T12:56:29","slug":"contact-devis","status":"publish","type":"page","link":"https:\/\/asr-rayonnages-sud.fr\/site\/contact-devis\/","title":{"rendered":"Contact &#8211; Devis Rayonnage"},"content":{"rendered":"<div class=\"RSDB_2COL_LEFT\">Vous souhaitez nous contacter, afin d&rsquo;obtenir des informations ou un devis pour des rayonnages neufs ou d&rsquo;occasion ou toute autre prestation, veuillez trouver ci-dessous nos principales coordonn\u00e9es.<\/p>\n<p>Comme ASR Rayonnages est un Groupe National, nous disposons de plusieurs agences r\u00e9gionales, afin de mieux servir nos clients :<\/p>\n<ul>\n<li><b>ASR Rayonnages PACA<\/b> &#8211; Num\u00e9ro national r\u00e9gions : <strong>06 03 81 17 21\n<p><\/strong><\/li>\n<li><b>ASR Rayonnages Normandie<\/b> &#8211; Num\u00e9ro national r\u00e9gions : <strong>01 60 44 07 15<\/strong><\/li>\n<li><b>ASR Rayonnages Champagne<\/b> &#8211; Num\u00e9ro national r\u00e9gions : <strong>01 60 44 07 15<\/strong><\/li>\n<li><b>ASR Rayonnages Bretagne<\/b> &#8211; Num\u00e9ro national r\u00e9gions : <strong>01 60 44 07 15<\/strong><\/li>\n<\/ul>\n<p><b>Le meilleur moyen et le plus rapide afin d&rsquo;obtenir un devis rapide reste la demande de devis par le biais du formulaire ci-contre<\/b>, car notre stock est centralis\u00e9 ainsi que nos achats, nous disposons donc au si\u00e8ge d&rsquo;une unit\u00e9 d\u00e9di\u00e9e au traitement des demandes, et qui \u00e9tablira diverses propositions selon les stocks et marques disponibles, ainsi vous obtenez une r\u00e9ponse la plus appropri\u00e9e, et le plus souvent en quelques heures, selon la sp\u00e9cificit\u00e9 de votre demande et de vos besoins en rayonnages industriels neufs ou d&rsquo;occasion.<\/p>\n<p>Afin de contacter le Si\u00e8ge d&rsquo;ASR, veuillez utiliser les coordonn\u00e9es suivantes :<\/p>\n<p><b>Groupe ASR EQUIPEMENTS<\/b><br \/>\nZAC de la Halotte, 9 rue de la Halotte,<br \/>\n77470 &#8211; Trilport<\/p>\n<p>T\u00e9l. : <a href=\"tel:+33.160095588\">01 60 09 55 88<\/a><br \/>\nFax : 01 60 09 66 68<br \/>\nEmail: <a href=\"mailto:info@asr.fr\">info@asr.fr<\/a><\/p>\n<p>N&rsquo;h\u00e9sitez pas \u00e0 nous contacter pour toute question.<\/p>\n<\/div>\n<div class=\"RSDB_2COL_RIGHT\"><img style=\"cursor: pointer;\" src=\"\/site\/_rs_static\/bouton-asr-rachete-vos-installations.png\" \/><\/p>\n<p><img class=\"RSDB_CALLBACK\" style=\"box-shadow: 0px 0px 0px 0px rgba(0, 0, 0, 0.2); max-width: 268px;\" src=\"\/site\/_rs_static\/bouton-asr-rayonnages-sud-callback.png\" \/><\/p>\n<p>Pour nous contacter ou obtenir un <b>devis gratuit<\/b>, merci de remplir le petit formulaire ci-dessous, nous vous contacterons dans les meilleurs d\u00e9lais<\/p>\n<div role=\"form\" class=\"wpcf7\" id=\"wpcf7-f4-o1\" lang=\"fr-FR\" dir=\"ltr\">\n<div class=\"screen-reader-response\"><p role=\"status\" aria-live=\"polite\" aria-atomic=\"true\"><\/p> <ul><\/ul><\/div>\n<form action=\"\/site\/wp-json\/wp\/v2\/pages\/16#wpcf7-f4-o1\" method=\"post\" class=\"wpcf7-form init\" novalidate=\"novalidate\" data-status=\"init\">\n<div style=\"display: none;\">\n<input type=\"hidden\" name=\"_wpcf7\" value=\"4\" \/>\n<input type=\"hidden\" name=\"_wpcf7_version\" value=\"5.5.5\" \/>\n<input type=\"hidden\" name=\"_wpcf7_locale\" value=\"fr_FR\" \/>\n<input type=\"hidden\" name=\"_wpcf7_unit_tag\" value=\"wpcf7-f4-o1\" \/>\n<input type=\"hidden\" name=\"_wpcf7_container_post\" value=\"0\" \/>\n<input type=\"hidden\" name=\"_wpcf7_posted_data_hash\" value=\"\" \/>\n<\/div>\n<p><span class=\"wpcf7-form-control-wrap your-company\"><input type=\"text\" name=\"your-company\" value=\"\" size=\"40\" class=\"wpcf7-form-control wpcf7-text\" aria-invalid=\"false\" placeholder=\"Votre Soci\u00e9t\u00e9\" \/><\/span><\/p>\n<p><span class=\"wpcf7-form-control-wrap your-name\"><input type=\"text\" name=\"your-name\" value=\"\" size=\"40\" class=\"wpcf7-form-control wpcf7-text wpcf7-validates-as-required\" aria-required=\"true\" aria-invalid=\"false\" placeholder=\"Votre nom (obligatoire)\" \/><\/span><\/p>\n<p><span class=\"wpcf7-form-control-wrap your-email\"><input type=\"email\" name=\"your-email\" value=\"\" size=\"40\" class=\"wpcf7-form-control wpcf7-text wpcf7-email wpcf7-validates-as-email\" aria-invalid=\"false\" placeholder=\"Votre email\" \/><\/span><\/p>\n<p><span class=\"wpcf7-form-control-wrap your-tel\"><input type=\"tel\" name=\"your-tel\" value=\"\" size=\"40\" class=\"wpcf7-form-control wpcf7-text wpcf7-tel wpcf7-validates-as-required wpcf7-validates-as-tel\" aria-required=\"true\" aria-invalid=\"false\" placeholder=\"T\u00e9l. : XX XX XX XX XX (obligatoire)\" \/><\/span><\/p>\n<p><span class=\"wpcf7-form-control-wrap your-cp\"><input type=\"text\" name=\"your-cp\" value=\"\" size=\"40\" class=\"wpcf7-form-control wpcf7-text\" aria-invalid=\"false\" placeholder=\"Code Postal : XX XXX\" \/><\/span><\/p>\n<p><span class=\"wpcf7-form-control-wrap your-subject\"><select name=\"your-subject\" class=\"wpcf7-form-control wpcf7-select\" aria-invalid=\"false\"><option value=\"Contact\">Contact<\/option><option value=\"Devis Rack\/Rayonnage\">Devis Rack\/Rayonnage<\/option><option value=\"Devis Mezzanine\">Devis Mezzanine<\/option><option value=\"Devis autres prestations\">Devis autres prestations<\/option><\/select><\/span><\/p>\n<p><span class=\"wpcf7-form-control-wrap your-objet\"><select name=\"your-objet\" class=\"wpcf7-form-control wpcf7-select\" aria-invalid=\"false\"><option value=\"R\u00e9gion : Sud \/ PACA\">R\u00e9gion : Sud \/ PACA<\/option><option value=\"R\u00e9gion : IDF\">R\u00e9gion : IDF<\/option><option value=\"R\u00e9gion : Nord\">R\u00e9gion : Nord<\/option><option value=\"R\u00e9gion : Est\">R\u00e9gion : Est<\/option><option value=\"R\u00e9gion : Bretagne\">R\u00e9gion : Bretagne<\/option><option value=\"Autres r\u00e9gions\">Autres r\u00e9gions<\/option><\/select><\/span><\/p>\n<p><span class=\"wpcf7-form-control-wrap your-message\"><textarea name=\"your-message\" cols=\"40\" rows=\"10\" class=\"wpcf7-form-control wpcf7-textarea\" aria-invalid=\"false\" placeholder=\"Votre Message \/ Votre Besoin\"><\/textarea><\/span><\/p>\n<p><input type=\"submit\" value=\"Envoyer\" class=\"wpcf7-form-control has-spinner wpcf7-submit\" \/><\/p>\n<p style=\"display: none !important;\"><label>&#916;<textarea name=\"_wpcf7_ak_hp_textarea\" cols=\"45\" rows=\"8\" maxlength=\"100\"><\/textarea><\/label><input type=\"hidden\" id=\"ak_js_1\" name=\"_wpcf7_ak_js\" value=\"138\"\/><script>document.getElementById( \"ak_js_1\" ).setAttribute( \"value\", ( new Date() ).getTime() );<\/script><\/p><div class=\"wpcf7-response-output\" aria-hidden=\"true\"><\/div><\/form><\/div>\n<\/div>\n<div style=\"clear: both;\"><\/div>\n","protected":false},"excerpt":{"rendered":"<p>Vous souhaitez nous contacter, afin d&rsquo;obtenir des informations ou un devis pour des rayonnages neufs ou d&rsquo;occasion ou toute autre prestation, veuillez trouver ci-dessous nos principales coordonn\u00e9es. Comme ASR Rayonnages est un Groupe National, nous disposons de plusieurs agences r\u00e9gionales, afin de mieux servir nos clients : ASR Rayonnages PACA &#8211; Num\u00e9ro national r\u00e9gions : [&hellip;]<\/p>\n","protected":false},"author":1,"featured_media":0,"parent":0,"menu_order":0,"comment_status":"closed","ping_status":"closed","template":"","meta":[],"_links":{"self":[{"href":"https:\/\/asr-rayonnages-sud.fr\/site\/wp-json\/wp\/v2\/pages\/16"}],"collection":[{"href":"https:\/\/asr-rayonnages-sud.fr\/site\/wp-json\/wp\/v2\/pages"}],"about":[{"href":"https:\/\/asr-rayonnages-sud.fr\/site\/wp-json\/wp\/v2\/types\/page"}],"author":[{"embeddable":true,"href":"https:\/\/asr-rayonnages-sud.fr\/site\/wp-json\/wp\/v2\/users\/1"}],"replies":[{"embeddable":true,"href":"https:\/\/asr-rayonnages-sud.fr\/site\/wp-json\/wp\/v2\/comments?post=16"}],"version-history":[{"count":15,"href":"https:\/\/asr-rayonnages-sud.fr\/site\/wp-json\/wp\/v2\/pages\/16\/revisions"}],"predecessor-version":[{"id":613,"href":"https:\/\/asr-rayonnages-sud.fr\/site\/wp-json\/wp\/v2\/pages\/16\/revisions\/613"}],"wp:attachment":[{"href":"https:\/\/asr-rayonnages-sud.fr\/site\/wp-json\/wp\/v2\/media?parent=16"}],"curies":[{"name":"wp","href":"https:\/\/api.w.org\/{rel}","templated":true}]}}